{"id":13,"date":"2016-07-18T08:04:35","date_gmt":"2016-07-18T06:04:35","guid":{"rendered":"http:\/\/sws-forsche.de\/sws2016\/?page_id=13"},"modified":"2025-12-05T17:38:17","modified_gmt":"2025-12-05T16:38:17","slug":"firmenattribute-de","status":"publish","type":"page","link":"https:\/\/sws-forsche.de\/sws\/firmenattribute-de\/","title":{"rendered":"Firmen Attribute"},"content":{"rendered":"\n<h2 class=\"wp-block-heading has-text-align-center has-ast-global-color-3-color has-ast-global-color-6-background-color has-text-color has-background has-large-font-size\">Offene Handelsgesellschaft (OHG)<\/h2>\n\n\n\n<h3 class=\"wp-block-heading has-text-align-center has-ast-global-color-6-color has-ast-global-color-3-background-color has-text-color has-background\" style=\"font-size:20px\"><strong>Spezialisiertes Handelsunternehmen f\u00fcr Export und Import verschiedener Industrieprodukte<\/strong><\/h3>\n\n\n\n<p class=\"has-text-align-center has-ast-global-color-5-color has-text-color has-background has-link-color wp-elements-a1d4fd58855f49f613b9abea9b50dd85\" style=\"background-color:#0d3a7d;font-size:20px\">  <a href=\"https:\/\/sws-forsche.de\/sws\/bauverarbeitung\/\"><strong>BAUINDUSTRIE<\/strong><\/a> &#8211; <a href=\"https:\/\/sws-forsche.de\/sws\/metallbearbeitung\/metallbearbeitung\/\"><strong>METALLBEARBEITUNG<\/strong><\/a> &#8211; <a href=\"https:\/\/sws-forsche.de\/sws\/energietechnik-energieversorgungstechnik\/\"><strong>KLIMA- &amp; ENERGIETECHNICK<\/strong><\/a><\/p>\n\n\n\n<h4 class=\"wp-block-heading has-text-align-center has-ast-global-color-5-background-color has-background\">Unsere Unternehmensattribute<\/h4>\n\n\n\n<blockquote class=\"wp-block-quote has-cyan-bluish-gray-background-color has-background is-layout-flow wp-block-quote-is-layout-flow\">\n<p class=\"has-text-align-center has-border-color has-luminous-vivid-amber-border-color\" style=\"border-width:3px\">Unser Name ist unser Programm und unsere Orientierung. Jeder Buchstabe unserer Unternehmensattribute steht f\u00fcr das, was uns als internationalen Handelsbetrieb ausmacht. Wir verbinden Bauindustrie, Maschinenbau und moderne Energietechnik mit partnerschaftlichem Denken und mutiger Umsetzung. Von energieeffizienten und nachhaltigen Fertigh\u00e4usern \u00fcber hochwertige Komponenten, Zubeh\u00f6r und innovative L\u00f6sungen rund um die Metallbearbeitung bis hin zu energiesparenden Klimasystemen und weiteren relevanten Zukunftsideen \u2013 wir handeln mit Haltung, Verantwortung und Weitblick, auch f\u00fcr die kommenden Generationen<\/p>\n<\/blockquote>\n\n\n\n<div class=\"wp-block-uagb-container uagb-block-fbe26342 default uagb-is-root-container\">\n<div class=\"wp-block-uagb-container uagb-block-51119549\">\n<div class=\"wp-block-uagb-container uagb-block-24aa1607\">\n<div class=\"wp-block-uagb-info-box uagb-block-f9f00354 uagb-infobox__content-wrap  uagb-infobox-icon-above-title uagb-infobox-image-valign-top\"><div class=\"uagb-ifb-content\"><div class=\"uagb-ifb-icon-wrap\"><svg xmlns=\"https:\/\/www.w3.org\/2000\/svg\" viewBox=\"0 0 512 512\"><path d=\"M480 32C497.7 32 512 46.33 512 64C512 81.67 497.7 96 480 96H32C14.33 96 0 81.67 0 64C0 46.33 14.33 32 32 32H480zM32 128H480V416C497.7 416 512 430.3 512 448C512 465.7 497.7 480 480 480H352V352C352 298.1 309 256 256 256C202.1 256 160 298.1 160 352V480H32C14.33 480 0 465.7 0 448C0 430.3 14.33 416 32 416V128z\"><\/path><\/svg><\/div><div class=\"uagb-ifb-title-wrap\"><h3 class=\"uagb-ifb-title\">Berlin<\/h3><\/div><p class=\"uagb-ifb-desc\"><strong>B<\/strong>ranchenspezialisiert<br>Expertise in Metallbearbeitung, Baubearbeitung und innovativer Klima- &amp; Energietechnik<br><strong>E<\/strong>xportorientiert<br>Internationale Handelskompetenz mit zuverl\u00e4ssigen Lieferketten und globaler Marktanbindung<br><strong>R<\/strong>esilient<br>Stabil, flexibel und zukunftssicher \u2013 auch in dynamischen Marktbedingungen<br><strong>L<\/strong>ogistikstark<br>Effiziente Prozesse f\u00fcr Import und Export verschiedenster Industrieprodukte<br><strong>I<\/strong>ndustrienah<br>Enge Zusammenarbeit mit Fertigungs-, Bau- und Energiewirtschaft f\u00fcr praxisnahe L\u00f6sungen<br><strong>N<\/strong>achhaltig<br>Fokus auf energieeffiziente Technologien und verantwortungsbewusste Handelsstrategien<br><br><br><br><br><br><br><br><\/p><\/div><\/div>\n<\/div>\n\n\n\n<div class=\"wp-block-uagb-container uagb-block-d40c4bb9\">\n<div class=\"wp-block-uagb-info-box uagb-block-549b75e0 uagb-infobox__content-wrap  uagb-infobox-icon-above-title uagb-infobox-image-valign-top\"><div class=\"uagb-ifb-content\"><div class=\"uagb-ifb-icon-wrap\"><svg xmlns=\"https:\/\/www.w3.org\/2000\/svg\" viewBox=\"0 0 640 512\"><path d=\"M319.9 320c57.41 0 103.1-46.56 103.1-104c0-57.44-46.54-104-103.1-104c-57.41 0-103.1 46.56-103.1 104C215.9 273.4 262.5 320 319.9 320zM369.9 352H270.1C191.6 352 128 411.7 128 485.3C128 500.1 140.7 512 156.4 512h327.2C499.3 512 512 500.1 512 485.3C512 411.7 448.4 352 369.9 352zM512 160c44.18 0 80-35.82 80-80S556.2 0 512 0c-44.18 0-80 35.82-80 80S467.8 160 512 160zM183.9 216c0-5.449 .9824-10.63 1.609-15.91C174.6 194.1 162.6 192 149.9 192H88.08C39.44 192 0 233.8 0 285.3C0 295.6 7.887 304 17.62 304h199.5C196.7 280.2 183.9 249.7 183.9 216zM128 160c44.18 0 80-35.82 80-80S172.2 0 128 0C83.82 0 48 35.82 48 80S83.82 160 128 160zM551.9 192h-61.84c-12.8 0-24.88 3.037-35.86 8.24C454.8 205.5 455.8 210.6 455.8 216c0 33.71-12.78 64.21-33.16 88h199.7C632.1 304 640 295.6 640 285.3C640 233.8 600.6 192 551.9 192z\"><\/path><\/svg><\/div><div class=\"uagb-ifb-title-wrap\"><h3 class=\"uagb-ifb-title\">SWS Forsche <\/h3><\/div><p class=\"uagb-ifb-desc\"><strong>S<\/strong>ouver\u00e4nit\u00e4t<br>Selbstbewusst im internationalen Handel<br><strong>W<\/strong>irtschaftskompetenz<br>Branchenwissen in Bau, Maschinenbau &amp; Energietechnik<br><strong>S<\/strong>erviceorientierung<br>Kundennahe, l\u00f6sungsstarke Betreuung<br><strong>F<\/strong>lexibilit\u00e4t<br>Anpassungsf\u00e4hig und schnell in der Umsetzung<br><strong>O<\/strong>ffenheit<br>Mehrsprachig, interkulturell und transparent<br><strong>R<\/strong>esilienz<br>Stabil auch bei Marktver\u00e4nderungen<br><strong>S<\/strong>trukturkraft<br>Klare Prozesse und verl\u00e4ssliche Organisation<br><strong>C<\/strong>reativit\u00e4t<br>Innovative Ideen f\u00fcr moderne Technikl\u00f6sungen<br><strong>H<\/strong>andlungsst\u00e4rke<br>Schnelle Entscheidungen, praxisnahes Handeln<br><strong>E<\/strong>nergiekompetenz<br>Fokus auf nachhaltige Klima- und Energietechnik<br><\/p><\/div><\/div>\n<\/div>\n<\/div>\n\n\n\n<div class=\"wp-block-uagb-container uagb-block-1f34723f\">\n<div class=\"wp-block-uagb-info-box uagb-block-6b391ee0 uagb-infobox__content-wrap  uagb-infobox-icon-above-title uagb-infobox-image-valign-top\"><div class=\"uagb-ifb-content\"><div class=\"uagb-ifb-icon-wrap\"><svg xmlns=\"https:\/\/www.w3.org\/2000\/svg\" viewBox=\"0 0 576 512\"><path d=\"M128 32C145.7 32 160 46.33 160 64V215.4L316.6 131C332.6 122.4 352 134 352 152.2V215.4L508.6 131C524.6 122.4 544 134 544 152.2V432C544 458.5 522.5 480 496 480H80C53.49 480 32 458.5 32 432V64C32 46.33 46.33 32 64 32H128z\"><\/path><\/svg><\/div><div class=\"uagb-ifb-title-wrap\"><h3 class=\"uagb-ifb-title\">Industry<\/h3><\/div><p class=\"uagb-ifb-desc\"><strong>I<\/strong>nnovation<br>Neue Ideen f\u00fcr Bau-, Maschinenbau- und Energietechnik<br><strong>N<\/strong>achhaltigkeit<br>Fokus auf umweltfreundliche und effiziente L\u00f6sungen<br><strong>D<\/strong>ynamik<br>Beweglich und schnell im internationalen Handel<br><strong>U<\/strong>msetzungsst\u00e4rke<br>Praxisnah, l\u00f6sungsorientiert und zuverl\u00e4ssig<br><strong>S<\/strong>tabilit\u00e4t<br>Verl\u00e4ssliche Prozesse und langfristige Partnerschaften<br><strong>T<\/strong>ransparenz<br>Klare Kommunikation und faire Gesch\u00e4ftsbeziehungen<br><strong>R<\/strong>espekt<br>Wertsch\u00e4tzung von Kunden, Partnern und Kulturen<br><strong>Y<\/strong>our Partner<br>Partnerschaftliche Zusammenarbeit mit Kunden &amp; Lieferanten<\/p><\/div><\/div>\n<\/div>\n<\/div>\n\n\n\n<div class=\"wp-block-cover is-light has-border-color has-ast-global-color-0-border-color wp-duotone-blue-red\" style=\"border-width:3px;border-radius:0px;min-height:198px;aspect-ratio:unset;\"><span aria-hidden=\"true\" class=\"wp-block-cover__background has-cyan-bluish-gray-background-color has-background-dim-100 has-background-dim\"><\/span><div class=\"wp-block-cover__inner-container is-layout-constrained wp-block-cover-is-layout-constrained\">\n<h2 class=\"wp-block-heading has-text-align-center has-ast-global-color-5-color has-ast-global-color-2-background-color has-text-color has-background has-medium-font-size\">Messekalender<\/h2>\n\n\n\n<p class=\"has-text-align-center has-ast-global-color-5-color has-vivid-red-background-color has-text-color has-background\" style=\"font-size:15px\">Berlin SWS Forsche Industry steht f\u00fcr Innovation, Nachhaltigkeit und partnerschaftliches Handeln. Unternehmensattribute spiegeln Werte wider, die den internationalen Handel erfolgreich machen. Auf Industriemessen werden energieeffiziente Fertigh\u00e4user, hochwertige Maschinenbau-Komponenten und moderne Energietechnik pr\u00e4sentiert \u2013 verbunden mit mutiger Umsetzung und klaren Zielen. Jeder Messeauftritt zeigt, wie St\u00e4rke und Ideen den Erfolg sichern und L\u00f6sungen f\u00fcr kommende Generationen schaffen!<\/p>\n\n\n\n<p class=\"has-drop-cap has-luminous-vivid-amber-background-color has-background\" style=\"font-size:15px\"><strong>B<\/strong>edeutungsvoll in der B2B-Kommunikation<br>Schaffen R\u00e4ume f\u00fcr echten Austausch und nachhaltige Gesch\u00e4ftsbeziehungen<\/p>\n\n\n\n<p class=\"has-drop-cap has-ast-global-color-6-background-color has-background\" style=\"font-size:15px\"><strong>E<\/strong>rfolgsorientiert<br>Die Formate sind auf messbaren Mehrwert und Wachstum ausgerichtet<\/p>\n\n\n\n<p class=\"has-drop-cap has-background\" style=\"background-color:#828b94;font-size:15px\"><strong>R<\/strong>eichweitenstark<br>Verbinden Branchen, M\u00e4rkte und Menschen \u2013 lokal wie international<\/p>\n\n\n\n<p class=\"has-drop-cap has-background\" style=\"background-color:#89b0eb;font-size:15px\"><strong>L<\/strong>\u00f6sungsorientiert<br>Individuelle Konzepte f\u00fcr individuelle Ziele \u2013 flexibel, kreativ, effektiv<\/p>\n\n\n\n<p class=\"has-drop-cap has-background\" style=\"background-color:#bdf4de;font-size:15px\"><strong>I<\/strong>nnovativ<br>Mit frischen Ideen und digitalen Tools gestalten die Zukunft der Begegnung<\/p>\n\n\n\n<p class=\"has-drop-cap has-ast-global-color-4-background-color has-background\" style=\"font-size:15px\"><strong>N<\/strong>etzwerkf\u00f6rdernd<br>Bringen Entscheider, Vision\u00e4re und Macher zusammen \u2013 f\u00fcr starke Partnerschaften<\/p>\n\n\n\n<div class=\"wp-block-uagb-marketing-button uagb-marketing-btn__align-center uagb-marketing-btn__align-text-center uagb-marketing-btn__icon-after uagb-block-f3a00e53 wp-block-button\"><a href=\"https:\/\/www.messe-berlin.de\/de\/veranstaltungen\/veranstaltungskalender\" class=\"uagb-marketing-btn__link wp-block-button__link\" target=\"_blank\" rel=\"noopener noreferrer\"><h5 class=\"uagb-marketing-btn__title\">Aktuelle Messen &amp; Events auf einen Blick<\/h5><svg xmlns=\"https:\/\/www.w3.org\/2000\/svg\" viewBox=\"0 0 512 512\"><path d=\"M384 320c-17.67 0-32 14.33-32 32v96H64V160h96c17.67 0 32-14.32 32-32s-14.33-32-32-32L64 96c-35.35 0-64 28.65-64 64V448c0 35.34 28.65 64 64 64h288c35.35 0 64-28.66 64-64v-96C416 334.3 401.7 320 384 320zM488 0H352c-12.94 0-24.62 7.797-29.56 19.75c-4.969 11.97-2.219 25.72 6.938 34.88L370.8 96L169.4 297.4c-12.5 12.5-12.5 32.75 0 45.25C175.6 348.9 183.8 352 192 352s16.38-3.125 22.62-9.375L416 141.3l41.38 41.38c9.156 9.141 22.88 11.84 34.88 6.938C504.2 184.6 512 172.9 512 160V24C512 10.74 501.3 0 488 0z\"><\/path><\/svg><p class=\"uagb-marketing-btn__prefix\"><br>Hier finden Sie aktuelle Messetermine und Kongresstermine am Messeplatz Berlin, Deutschland- und weltweit<\/p><\/a><\/div>\n\n\n\n<div class=\"wp-block-uagb-marketing-button uagb-marketing-btn__align-center uagb-marketing-btn__align-text-center uagb-marketing-btn__icon-after uagb-block-523a2e2d wp-block-button\"><a href=\"https:\/\/www.messeninfo.de\/Industriemessen-Deutschland-FSL172-L55-S1.html\" class=\"uagb-marketing-btn__link wp-block-button__link\" target=\"_blank\" rel=\"noopener noreferrer\"><h5 class=\"uagb-marketing-btn__title\">Industriemessen in Deutschland<\/h5><svg xmlns=\"https:\/\/www.w3.org\/2000\/svg\" viewBox=\"0 0 512 512\"><path d=\"M384 320c-17.67 0-32 14.33-32 32v96H64V160h96c17.67 0 32-14.32 32-32s-14.33-32-32-32L64 96c-35.35 0-64 28.65-64 64V448c0 35.34 28.65 64 64 64h288c35.35 0 64-28.66 64-64v-96C416 334.3 401.7 320 384 320zM488 0H352c-12.94 0-24.62 7.797-29.56 19.75c-4.969 11.97-2.219 25.72 6.938 34.88L370.8 96L169.4 297.4c-12.5 12.5-12.5 32.75 0 45.25C175.6 348.9 183.8 352 192 352s16.38-3.125 22.62-9.375L416 141.3l41.38 41.38c9.156 9.141 22.88 11.84 34.88 6.938C504.2 184.6 512 172.9 512 160V24C512 10.74 501.3 0 488 0z\"><\/path><\/svg><p class=\"uagb-marketing-btn__prefix\"><br>Verfolgen Sie hier auch die aktuellen Termine aller Industriemessen in Deutschland<\/p><\/a><\/div>\n<\/div><\/div>\n\n\n\n<p><\/p>\n","protected":false},"excerpt":{"rendered":"<p>Offene Handelsgesellschaft (OHG) Spezialisiertes Handelsunternehmen f\u00fcr Export und Import verschiedener Industrieprodukte BAUINDUSTRIE &#8211; METALLBEARBEITUNG &#8211; KLIMA- &amp; ENERGIETECHNICK Unsere Unternehmensattribute Unser Name ist unser Programm und unsere Orientierung. Jeder Buchstabe unserer Unternehmensattribute steht f\u00fcr das, was uns als internationalen Handelsbetrieb ausmacht. Wir verbinden Bauindustrie, Maschinenbau und moderne Energietechnik mit partnerschaftlichem Denken und mutiger Umsetzung. Von [&hellip;]<\/p>\n","protected":false},"author":3,"featured_media":0,"parent":0,"menu_order":0,"comment_status":"closed","ping_status":"closed","template":"page-templates\/full-width.php","meta":{"_uag_custom_page_level_css":"","site-sidebar-layout":"no-sidebar","site-content-layout":"plain-container","ast-site-content-layout":"normal-width-container","site-content-style":"boxed","site-sidebar-style":"boxed","ast-global-header-display":"","ast-banner-title-visibility":"","ast-main-header-display":"","ast-hfb-above-header-display":"","ast-hfb-below-header-display":"","ast-hfb-mobile-header-display":"","site-post-title":"disabled","ast-breadcrumbs-content":"","ast-featured-img":"","footer-sml-layout":"","theme-transparent-header-meta":"","adv-header-id-meta":"","stick-header-meta":"","header-above-stick-meta":"","header-main-stick-meta":"","header-below-stick-meta":"","astra-migrate-meta-layouts":"set","ast-page-background-enabled":"default","ast-page-background-meta":{"desktop":{"background-color":"var(--ast-global-color-4)","background-image":"","background-repeat":"repeat","background-position":"center center","background-size":"auto","background-attachment":"scroll","background-type":"","background-media":"","overlay-type":"","overlay-color":"","overlay-opacity":"","overlay-gradient":""},"tablet":{"background-color":"","background-image":"","background-repeat":"repeat","background-position":"center center","background-size":"auto","background-attachment":"scroll","background-type":"","background-media":"","overlay-type":"","overlay-color":"","overlay-opacity":"","overlay-gradient":""},"mobile":{"background-color":"","background-image":"","background-repeat":"repeat","background-position":"center center","background-size":"auto","background-attachment":"scroll","background-type":"","background-media":"","overlay-type":"","overlay-color":"","overlay-opacity":"","overlay-gradient":""}},"ast-content-background-meta":{"desktop":{"background-color":"var(--ast-global-color-5)","background-image":"","background-repeat":"repeat","background-position":"center center","background-size":"auto","background-attachment":"scroll","background-type":"","background-media":"","overlay-type":"","overlay-color":"","overlay-opacity":"","overlay-gradient":""},"tablet":{"background-color":"var(--ast-global-color-5)","background-image":"","background-repeat":"repeat","background-position":"center center","background-size":"auto","background-attachment":"scroll","background-type":"","background-media":"","overlay-type":"","overlay-color":"","overlay-opacity":"","overlay-gradient":""},"mobile":{"background-color":"var(--ast-global-color-5)","background-image":"","background-repeat":"repeat","background-position":"center center","background-size":"auto","background-attachment":"scroll","background-type":"","background-media":"","overlay-type":"","overlay-color":"","overlay-opacity":"","overlay-gradient":""}},"ngg_post_thumbnail":0,"footnotes":""},"class_list":["post-13","page","type-page","status-publish","hentry"],"uagb_featured_image_src":{"full":false,"thumbnail":false,"medium":false,"medium_large":false,"large":false,"1536x1536":false,"2048x2048":false},"uagb_author_info":{"display_name":"SWS Forsche","author_link":"https:\/\/sws-forsche.de\/sws\/author\/sweta\/"},"uagb_comment_info":0,"uagb_excerpt":"Offene Handelsgesellschaft (OHG) Spezialisiertes Handelsunternehmen f\u00fcr Export und Import verschiedener Industrieprodukte BAUINDUSTRIE &#8211; METALLBEARBEITUNG &#8211; KLIMA- &amp; ENERGIETECHNICK Unsere Unternehmensattribute Unser Name ist unser Programm und unsere Orientierung. Jeder Buchstabe unserer Unternehmensattribute steht f\u00fcr das, was uns als internationalen Handelsbetrieb ausmacht. Wir verbinden Bauindustrie, Maschinenbau und moderne Energietechnik mit partnerschaftlichem Denken und mutiger Umsetzung. Von&hellip;","_links":{"self":[{"href":"https:\/\/sws-forsche.de\/sws\/wp-json\/wp\/v2\/pages\/13","targetHints":{"allow":["GET"]}}],"collection":[{"href":"https:\/\/sws-forsche.de\/sws\/wp-json\/wp\/v2\/pages"}],"about":[{"href":"https:\/\/sws-forsche.de\/sws\/wp-json\/wp\/v2\/types\/page"}],"author":[{"embeddable":true,"href":"https:\/\/sws-forsche.de\/sws\/wp-json\/wp\/v2\/users\/3"}],"replies":[{"embeddable":true,"href":"https:\/\/sws-forsche.de\/sws\/wp-json\/wp\/v2\/comments?post=13"}],"version-history":[{"count":206,"href":"https:\/\/sws-forsche.de\/sws\/wp-json\/wp\/v2\/pages\/13\/revisions"}],"predecessor-version":[{"id":15066,"href":"https:\/\/sws-forsche.de\/sws\/wp-json\/wp\/v2\/pages\/13\/revisions\/15066"}],"wp:attachment":[{"href":"https:\/\/sws-forsche.de\/sws\/wp-json\/wp\/v2\/media?parent=13"}],"curies":[{"name":"wp","href":"https:\/\/api.w.org\/{rel}","templated":true}]}}