{"id":2,"date":"2016-07-18T07:19:37","date_gmt":"2016-07-18T05:19:37","guid":{"rendered":"http:\/\/sws-forsche.de\/sws2016\/?page_id=2"},"modified":"2026-04-19T18:57:29","modified_gmt":"2026-04-19T16:57:29","slug":"beispiel-seite","status":"publish","type":"page","link":"https:\/\/sws-forsche.de\/sws\/","title":{"rendered":"Spezialist f\u00fcr internationalen Handel"},"content":{"rendered":"\n<header class=\"wp-block-uagb-container uagb-layout-flex uagb-block-cd08ac4c default uagb-is-root-container\">\n<div class=\"wp-block-uagb-info-box uagb-block-1cbb6637 uagb-infobox__content-wrap  uagb-infobox-icon-above-title uagb-infobox-image-valign-top wp-block-uagb-info-box--has-margin\"><div class=\"uagb-infobox-margin-wrapper\"><div class=\"uagb-ifb-content\"><div class=\"uagb-ifb-title-wrap\"><h1 class=\"uagb-ifb-title-prefix\"><br><em><strong><a href=\"https:\/\/sws-forsche.de\/sws\/bauindustrie\/\"><mark style=\"background-color:rgba(0, 0, 0, 0);color:#ffffff\" class=\"has-inline-color\">Bauvertrieb<\/mark><\/a><mark style=\"background-color:rgba(0, 0, 0, 0);color:#ffffff\" class=\"has-inline-color\"> <\/mark><\/strong><\/em>&#8211; <em><strong><a href=\"https:\/\/sws-forsche.de\/sws\/metallbearbeitung\/metallbearbeitung\/\" target=\"_blank\" rel=\"noreferrer noopener\"><mark style=\"background-color:rgba(0, 0, 0, 0)\" class=\"has-inline-color has-ast-global-color-5-color\">Metallbearbeitung<\/mark><\/a><\/strong><\/em> &#8211; <em><strong><a href=\"https:\/\/sws-forsche.de\/sws\/energietechnik-energieversorgungstechnik\/\" target=\"_blank\" rel=\"noreferrer noopener\"><mark style=\"background-color:rgba(0, 0, 0, 0)\" class=\"has-inline-color has-ast-global-color-5-color\">Klima-&amp; Energietechnik<\/mark><\/a><\/strong><\/em>  <\/h1><h1 class=\"uagb-ifb-title\">Vertriebspartner f\u00fcr Industrieprodukte f\u00fchrender Hersteller und Gro\u00dfh\u00e4ndler<\/h1><\/div><\/div><\/div><\/div>\n<\/header>\n\n\n\n<div class=\"wp-block-uagb-container uagb-block-e6e6d851 default uagb-is-root-container\"><div class=\"uagb-container__shape uagb-container__shape-top\"><svg xmlns=\"https:\/\/www.w3.org\/2000\/svg\" viewBox=\"0 0 283.5 19.6\" preserveAspectRatio=\"none\"><path class=\"uagb-container__shape-fill\" opacity=\"0.33\" d=\"M0 0L0 18.8 141.8 4.1 283.5 18.8 283.5 0z\"><\/path><path class=\"uagb-container__shape-fill\" opacity=\"0.33\" d=\"M0 0L0 12.6 141.8 4 283.5 12.6 283.5 0z\"><\/path><path class=\"uagb-container__shape-fill\" opacity=\"0.33\" d=\"M0 0L0 6.4 141.8 4 283.5 6.4 283.5 0z\"><\/path><path class=\"uagb-container__shape-fill\" d=\"M0 0L0 1.2 141.8 4 283.5 1.2 283.5 0z\"><\/path><\/svg><\/div>\n<details class=\"wp-block-details has-text-color has-link-color wp-elements-0d66fce5214f082fb5b20fc7985e193b is-layout-flow wp-block-details-is-layout-flow\" style=\"color:#2b3951;font-size:30px\"><summary><strong>SWS FORSCHE INDUSTRY \u2013 BAUVERTRIEB F\u00dcR MODERNE HOLZRAHMEN-&amp; MODULH\u00c4USER<\/strong><\/summary>\n<p class=\"has-ast-global-color-2-color has-text-color has-link-color wp-elements-786586a5a1da9360c4a3546d76e16a0f\" style=\"font-size:25px\">SWS Forsche Industry ist spezialisiert auf den Import und die Realisierung hochwertiger Fertigh\u00e4user und Modulh\u00e4user aus dem Baltikum und der Ukraine <\/p>\n\n\n\n<p class=\"has-ast-global-color-2-color has-text-color has-link-color wp-elements-cae0817ee8dddef157878c7493fe0c67\" style=\"font-size:25px\">Als Bauvertrieb und Generalunternehmer begleiten wir Projekte f\u00fcr Privatkunden (B2C), Unternehmen (B2B) und \u00f6ffentliche Auftraggeber (B2G) \u2013 von der Planung bis zur schl\u00fcsselfertigen Umsetzung<\/p>\n\n\n\n<p class=\"has-ast-global-color-2-color has-text-color has-link-color wp-elements-7acc7b5f181c79e78831b1de0ea25106\" style=\"font-size:25px\">Wir arbeiten mit zertifizierten europ\u00e4ischen Herstellern und bieten zuverl\u00e4ssige, effiziente und moderne L\u00f6sungen f\u00fcr Wohn- und Gewerbebau <\/p>\n\n\n\n<div class=\"wp-block-buttons is-layout-flex wp-block-buttons-is-layout-flex\">\n<div class=\"wp-block-button has-custom-width wp-block-button__width-100\"><a class=\"wp-block-button__link has-medium-font-size has-custom-font-size wp-element-button\" href=\"https:\/\/sws-forsche.de\/sws\/kauf-bauabwicklung-fuer-fertighaeuser\/\">Mehr informationen \u00fcber sws forsche industry bauvertrieb<\/a><\/div>\n<\/div>\n<\/details>\n\n\n\n<div class=\"wp-block-uagb-info-box uagb-block-209471ca uagb-infobox__content-wrap  uagb-infobox-icon-above-title uagb-infobox-image-valign-top wp-block-uagb-info-box--has-margin\"><div class=\"uagb-infobox-margin-wrapper\"><div class=\"uagb-ifb-content\"><div class=\"uagb-ifb-image-content\"><img decoding=\"async\" src=\"https:\/\/sws-forsche.de\/sws\/wp-content\/uploads\/2025\/01\/Bild_01-300x300.jpg\" alt=\"\" width=\"200\" height=\"200\" loading=\"lazy\"\/><\/div><div class=\"uagb-ifb-title-wrap\"><h6 class=\"uagb-ifb-title-prefix\">Direkt vom Hersteller <br>Sicher. Preiswert. Schl\u00fcsselfertiG<\/h6><h4 class=\"uagb-ifb-title\">Moderne Wohnl\u00f6sungen f\u00fcr die neue Generation<br><\/h4><\/div><div class=\"uagb-ifb-desc\">\n<p><\/p>\n\n\n\n<p><\/p>\n<\/div><\/div><\/div><\/div>\n\n\n\n<div class=\"wp-block-uagb-separator uagb-block-23e471a2 wp-block-uagb-separator--text\"><div class=\"wp-block-uagb-separator__inner\" style=\"--my-background-image:url(&quot;data:image\/svg+xml,%3Csvg width='8' height='16' viewBox='0 0 8 16' fill='none' xmlns='http:\/\/www.w3.org\/2000\/svg'%3E%3Crect width='8' height='16' fill='black'\/%3E%3C\/svg%3E&quot;)\"><div class=\"wp-block-uagb-separator-element\"><h1 class=\"uagb-html-tag\">aktuell-Tiny Komfort\u2011Hotels aus Ukraine<\/h1><\/div><\/div><\/div>\n\n\n\n<div class=\"wp-block-uagb-advanced-heading uagb-block-59e2fb43\"><h3 class=\"uagb-heading-text\">Mobile Wohnkultur neu definiert \u2013 individuell gestaltet im Interior &amp; Exterior<\/h3><\/div>\n\n\n\n<div class=\"wp-block-uagb-container uagb-block-a693cbd0\">\n<div class=\"wp-block-uagb-info-box uagb-block-246c69a8 uagb-infobox__content-wrap  uagb-infobox-icon-above-title uagb-infobox-image-valign-top\"><div class=\"uagb-ifb-content\"><div class=\"uagb-ifb-image-content\"><img decoding=\"async\" src=\"https:\/\/sws-forsche.de\/sws\/wp-content\/uploads\/2026\/04\/Screenshot-2026-04-03-172020-2-600x420.png\" alt=\"\" width=\"200\" height=\"140\" loading=\"lazy\"\/><\/div><div class=\"uagb-ifb-title-wrap\"><h6 class=\"uagb-ifb-title-prefix\"><strong><mark style=\"background-color:rgba(0, 0, 0, 0);color:#062f6c\" class=\"has-inline-color\">Nachhaltig. Naturnah. Kosteneffizient.<\/mark><\/strong><\/h6><h3 class=\"uagb-ifb-title\">IMAGINE &#8211; <strong><mark style=\"background-color:rgba(0, 0, 0, 0);color:#ffffff\" class=\"has-inline-color\">Das mobile Tiny-Komforthotel<\/mark><\/strong> unitfab<\/h3><\/div><p class=\"uagb-ifb-desc\"><strong>Besuchen Sie unseren Showroom in <a href=\"https:\/\/www.bautzen.de\/\" target=\"_blank\" rel=\"noreferrer noopener\"><mark style=\"background-color:rgba(0, 0, 0, 0);color:#ffffff\" class=\"has-inline-color\">Bautzen<\/mark><\/a><mark style=\"background-color:rgba(0, 0, 0, 0);color:#ffffff\" class=\"has-inline-color\"> <\/mark>\u2013 der s\u00e4chsischen Stadt der T\u00fcrme, der Kultur und der Geschichte<\/strong><\/p><div class=\"uagb-ifb-button-wrapper wp-block-button\"><a href=\"https:\/\/sws-forsche.de\/sws\/imagine-tiny-mobilhotel\/\" class=\"uagb-infobox-cta-link wp-block-button__link\" target=\"_blank\" rel=\"noopener noreferrer\" onclick=\"return true;\"><span class=\"uagb-inline-editing\">Mehr Freiheit &amp; Stil<\/span><svg xmlns=\"https:\/\/www.w3.org\/2000\/svg\" viewBox=\"0 0 512 512\"><path d=\"M504.3 273.6l-112.1 104c-6.992 6.484-17.18 8.218-25.94 4.406c-8.758-3.812-14.42-12.45-14.42-21.1L351.9 288H32C14.33 288 .0002 273.7 .0002 255.1S14.33 224 32 224h319.9l0-72c0-9.547 5.66-18.19 14.42-22c8.754-3.809 18.95-2.075 25.94 4.41l112.1 104C514.6 247.9 514.6 264.1 504.3 273.6z\"><\/path><\/svg><\/a><\/div><\/div><\/div>\n<\/div>\n\n\n\n<div class=\"wp-block-media-text is-stacked-on-mobile is-image-fill-element has-border-color has-ast-global-color-6-border-color\" style=\"border-width:3px;grid-template-columns:25% auto\"><figure class=\"wp-block-media-text__media\"><a class=\"https:\/\/sws-forsche.de\/sws\/black-beauty-27\/\" href=\"https:\/\/sws-forsche.de\/sws\/black-beauty-27\/\" target=\"_blank\" rel=\"https:\/\/sws-forsche.de\/sws\/black-beauty-27\/\"><img loading=\"lazy\" decoding=\"async\" width=\"460\" height=\"691\" src=\"https:\/\/sws-forsche.de\/sws\/wp-content\/uploads\/2025\/09\/Bild_05.jpg\" alt=\"\" class=\"wp-image-13455 size-full\" style=\"object-position:50% 50%\" srcset=\"https:\/\/sws-forsche.de\/sws\/wp-content\/uploads\/2025\/09\/Bild_05.jpg 460w, https:\/\/sws-forsche.de\/sws\/wp-content\/uploads\/2025\/09\/Bild_05-399x600.jpg 399w\" sizes=\"auto, (max-width: 460px) 100vw, 460px\" \/><\/a><\/figure><div class=\"wp-block-media-text__content\">\n<h2 class=\"wp-block-heading has-ast-global-color-7-color has-text-color has-link-color wp-elements-326df5afd5c14b71e08599fb21a14c03\" style=\"font-size:25px\"><a href=\"https:\/\/sws-forsche.de\/sws\/black-beauty-27\/\" data-type=\"link\" data-id=\"https:\/\/sws-forsche.de\/sws\/black-beauty-27\/\" target=\"_blank\" rel=\"noreferrer noopener\"><strong>Black Beauty &#8211; Wellness Tiny Premiumhotel unitfab <\/strong><\/a><\/h2>\n\n\n\n<h3 class=\"wp-block-heading has-text-align-left\" style=\"font-size:20px\"><strong>Ein Raum, der Geschichten erz\u00e4hlt. Ein Design, das inspiriert. <\/strong><\/h3>\n\n\n\n<h3 class=\"wp-block-heading has-text-align-left\" style=\"font-size:20px\"><strong>Und Komfort, der bleibt. Den Rest gestalten Sie selbst<\/strong>!<\/h3>\n<\/div><\/div>\n\n\n\n<div class=\"wp-block-media-text is-stacked-on-mobile is-image-fill-element has-border-color has-ast-global-color-6-border-color\" style=\"border-width:3px;grid-template-columns:25% auto\"><figure class=\"wp-block-media-text__media\"><a class=\"https:\/\/sws-forsche.de\/sws\/tiny50-hotelserie-unitfab\/\" href=\"https:\/\/sws-forsche.de\/sws\/tiny50-hotelserie-unitfab\/\" target=\"_blank\" rel=\"https:\/\/sws-forsche.de\/sws\/tiny50-hotelserie-unitfab\/\"><img loading=\"lazy\" decoding=\"async\" width=\"600\" height=\"392\" src=\"https:\/\/sws-forsche.de\/sws\/wp-content\/uploads\/2026\/04\/Bild-Hausansicht_01-600x392.png\" alt=\"\" class=\"wp-image-15417 size-medium\" style=\"object-position:50% 50%\" srcset=\"https:\/\/sws-forsche.de\/sws\/wp-content\/uploads\/2026\/04\/Bild-Hausansicht_01-600x392.png 600w, https:\/\/sws-forsche.de\/sws\/wp-content\/uploads\/2026\/04\/Bild-Hausansicht_01-1024x668.png 1024w, https:\/\/sws-forsche.de\/sws\/wp-content\/uploads\/2026\/04\/Bild-Hausansicht_01-768x501.png 768w, https:\/\/sws-forsche.de\/sws\/wp-content\/uploads\/2026\/04\/Bild-Hausansicht_01.png 1131w\" sizes=\"auto, (max-width: 600px) 100vw, 600px\" \/><\/a><\/figure><div class=\"wp-block-media-text__content\">\n<h2 class=\"wp-block-heading has-ast-global-color-2-color has-text-color has-link-color wp-elements-3a5fd86299cbe00a1b53a5d90b141a64\" style=\"font-size:25px\"><strong><a href=\"https:\/\/sws-forsche.de\/sws\/tiny50-hotelserie-unitfab\/\" target=\"_blank\" rel=\"noreferrer noopener\">Tiny50 \u2013 das gro\u00dfz\u00fcgigste Modell der Unitfab\u2011Hotelserie<\/a><\/strong><\/h2>\n\n\n\n<h3 class=\"wp-block-heading\" style=\"font-size:20px\">Ein durchdachtes Raumkonzept, das Eleganz und Komfort in kompaktem Format vereint<\/h3>\n\n\n\n<h3 class=\"wp-block-heading\" style=\"font-size:20px\">ideal als vollwertiges Zuhause oder als hochwertige Ferienunterkunft<\/h3>\n<\/div><\/div>\n\n\n\n<div class=\"wp-block-uagb-separator uagb-block-aad28a6b wp-block-uagb-separator--text\"><div class=\"uagb-separator-spacing-wrapper\"><div class=\"wp-block-uagb-separator__inner\" style=\"--my-background-image:url(&quot;data:image\/svg+xml,%3Csvg width='8' height='16' viewBox='0 0 8 16' fill='none' xmlns='http:\/\/www.w3.org\/2000\/svg'%3E%3Crect width='8' height='16' fill='black'\/%3E%3C\/svg%3E&quot;)\"><div class=\"wp-block-uagb-separator-element\"><h1 class=\"uagb-html-tag\">Beststeller aus dem Baltikum<\/h1><\/div><\/div><\/div><\/div>\n\n\n\n<div class=\"wp-block-uagb-advanced-heading uagb-block-6cb1efbf\"><h3 class=\"uagb-heading-text\">Fertigh\u00e4user mit ma\u00dfgeschneiderter Ausstattung &amp; Zubeh\u00f6r<\/h3><\/div>\n\n\n\n<div class=\"wp-block-uagb-container uagb-layout-flex uagb-block-aef26be5\">\n<div class=\"wp-block-uagb-info-box uagb-block-7c94c1b9 uagb-infobox__content-wrap  uagb-infobox-icon-above-title uagb-infobox-image-valign-top wp-block-uagb-info-box--has-margin\"><div class=\"uagb-infobox-margin-wrapper\"><div class=\"uagb-ifb-content\"><div class=\"uagb-ifb-image-content\"><img decoding=\"async\" src=\"https:\/\/sws-forsche.de\/sws\/wp-content\/uploads\/2023\/05\/1030x579_Bild_01-1.jpg\" alt=\"\" width=\"500\" height=\"281\" loading=\"lazy\"\/><\/div><div class=\"uagb-ifb-title-wrap\"><p class=\"uagb-ifb-title-prefix\">01 <br><a href=\"https:\/\/sws-forsche.de\/sws\/haus-1\/modulhaus-supergray52\" target=\"_blank\" rel=\"noreferrer noopener\">Modulhaus<\/a><\/p><h3 class=\"uagb-ifb-title\">Komfortabel <\/h3><\/div><div class=\"uagb-ifb-button-wrapper wp-block-button\"><a href=\"https:\/\/sws-forsche.de\/sws\/haus-1\/modulhaus-supergray52\" class=\"uagb-infobox-cta-link wp-block-button__link\" target=\"_blank\" rel=\"noopener noreferrer\" onclick=\"return true;\"><span class=\"uagb-inline-editing\">FlatHaus<\/span><\/a><\/div><\/div><\/div><\/div>\n\n\n\n<div class=\"wp-block-uagb-info-box uagb-block-d0590ba5 uagb-infobox__content-wrap  uagb-infobox-icon-above-title uagb-infobox-image-valign-top\"><div class=\"uagb-ifb-content\"><div class=\"uagb-ifb-image-content\"><img decoding=\"async\" src=\"https:\/\/sws-forsche.de\/sws\/wp-content\/uploads\/2024\/10\/Bild_02-3.jpg\" alt=\"\" width=\"500\" height=\"281\" loading=\"lazy\"\/><\/div><div class=\"uagb-ifb-title-wrap\"><p class=\"uagb-ifb-title-prefix\">02<br><a href=\"https:\/\/sws-forsche.de\/sws\/tinyhouse-twinmondsuper18\/kleine-modulhaeuser-tiny-houses\/\" data-type=\"link\" data-id=\"https:\/\/sws-forsche.de\/sws\/tinyhouse-twinmondsuper18\/kleine-modulhaeuser-tiny-houses\/\" target=\"_blank\" rel=\"noreferrer noopener\">Tiny House<\/a><\/p><h3 class=\"uagb-ifb-title\">Relaxed <\/h3><\/div><div class=\"uagb-ifb-button-wrapper wp-block-button\"><a href=\"https:\/\/sws-forsche.de\/sws\/tinyhouse-twinmondsuper18\/kleine-modulhaeuser-tiny-houses\/\" class=\"uagb-infobox-cta-link wp-block-button__link\" target=\"_blank\" rel=\"noopener noreferrer\" onclick=\"return true;\"><span class=\"uagb-inline-editing\">SpaHaus<\/span><\/a><\/div><\/div><\/div>\n\n\n\n<div class=\"wp-block-uagb-info-box uagb-block-7b3f2fde uagb-infobox__content-wrap  uagb-infobox-icon-above-title uagb-infobox-image-valign-top wp-block-uagb-info-box--has-margin\"><div class=\"uagb-infobox-margin-wrapper\"><div class=\"uagb-ifb-content\"><div class=\"uagb-ifb-image-content\"><img decoding=\"async\" src=\"https:\/\/sws-forsche.de\/sws\/wp-content\/uploads\/2021\/11\/Bild-01.jpg\" alt=\"\" width=\"500\" height=\"282\" loading=\"lazy\"\/><\/div><div class=\"uagb-ifb-title-wrap\"><p class=\"uagb-ifb-title-prefix\">03 <br><a href=\"https:\/\/sws-forsche.de\/sws\/bauindustrie\/grosse-holzrahmenhaeuser\/barnhausserie-franzy\/\" data-type=\"page\" data-id=\"6458\" target=\"_blank\" rel=\"noreferrer noopener\">Barnhaus<\/a><\/p><h3 class=\"uagb-ifb-title\">Modern <\/h3><\/div><div class=\"uagb-ifb-button-wrapper wp-block-button\"><a href=\"https:\/\/sws-forsche.de\/sws\/bauverarbeitung\/grosse-holzrahmenhaeuser\/barnhausserie-franzy\/\" class=\"uagb-infobox-cta-link wp-block-button__link\" target=\"_blank\" rel=\"noopener noreferrer\" onclick=\"return true;\"><span class=\"uagb-inline-editing\">BarnHaus<\/span><\/a><\/div><\/div><\/div><\/div>\n\n\n\n<div class=\"wp-block-uagb-info-box uagb-block-4af60f40 uagb-infobox__content-wrap  uagb-infobox-icon-above-title uagb-infobox-image-valign-top\"><div class=\"uagb-ifb-content\"><div class=\"uagb-ifb-image-content\"><img decoding=\"async\" src=\"https:\/\/sws-forsche.de\/sws\/wp-content\/uploads\/2021\/11\/5.jpg\" alt=\"\" width=\"500\" height=\"297\" loading=\"lazy\"\/><\/div><div class=\"uagb-ifb-title-wrap\"><p class=\"uagb-ifb-title-prefix\">04<br><a href=\"https:\/\/sws-forsche.de\/sws\/bauverarbeitung\/imposant97\/\">Fertighaus<\/a><\/p><h3 class=\"uagb-ifb-title\">Ger\u00e4umig<\/h3><\/div><div class=\"uagb-ifb-button-wrapper wp-block-button\"><a href=\"https:\/\/sws-forsche.de\/sws\/bauverarbeitung\/imposant97\/\" class=\"uagb-infobox-cta-link wp-block-button__link\" target=\"_blank\" rel=\"noopener noreferrer\" onclick=\"return true;\"><span class=\"uagb-inline-editing\">ShelterHaus<\/span><\/a><\/div><\/div><\/div>\n<\/div>\n<\/div>\n\n\n\n<div class=\"wp-block-uagb-container uagb-block-276c6ec8 default uagb-is-root-container\">\n<div class=\"wp-block-uagb-info-box uagb-block-58e0697a uagb-infobox__content-wrap  uagb-infobox-icon-above-title uagb-infobox-image-valign-top\"><div class=\"uagb-ifb-content\"><div class=\"uagb-ifb-icon-wrap\"><svg xmlns=\"https:\/\/www.w3.org\/2000\/svg\" viewBox=\"0 0 512 512\"><path d=\"M500.3 227.7C515.9 243.3 515.9 268.7 500.3 284.3L284.3 500.3C268.7 515.9 243.3 515.9 227.7 500.3L11.72 284.3C-3.905 268.7-3.905 243.3 11.72 227.7L227.7 11.72C243.3-3.905 268.7-3.905 284.3 11.72L500.3 227.7z\"><\/path><\/svg><\/div><div class=\"uagb-ifb-title-wrap\"><h5 class=\"uagb-ifb-title-prefix\">Maschinen, Komponenten und Zubeh\u00f6r<\/h5><h2 class=\"uagb-ifb-title\"><a href=\"https:\/\/sws-forsche.de\/sws\/metallbearbeitung\/metallbearbeitung\/\" target=\"_blank\" rel=\"noreferrer noopener\"><mark style=\"background-color:rgba(0, 0, 0, 0)\" class=\"has-inline-color has-ast-global-color-3-color\">Metallbearbeitung<\/mark><\/a><\/h2><\/div><p class=\"uagb-ifb-desc\">Wir bieten eine breite Auswahl an hochwertigen Produkten, die auf die spezifischen Anforderungen der Metallbearbeitung abgestimmt sind<br><br><\/p><\/div><\/div>\n<\/div>\n\n\n\n<div class=\"wp-block-uagb-container uagb-block-69eea544 default uagb-is-root-container\">\n<div class=\"wp-block-uagb-container uagb-block-5ac23fbf default uagb-is-root-container\">\n<div class=\"wp-block-uagb-container uagb-block-88db8c37\">\n<div data-aos= \"zoom-in\" data-aos-duration=\"400\" data-aos-delay=\"0\" data-aos-easing=\"ease\" data-aos-once=\"true\" class=\"wp-block-uagb-info-box uagb-block-f7699743 uagb-infobox__content-wrap  uagb-infobox-icon-above-title uagb-infobox-image-valign-top wp-block-uagb-info-box--has-margin\"><div class=\"uagb-infobox-margin-wrapper\"><div class=\"uagb-ifb-content\"><div class=\"uagb-ifb-image-content\"><img decoding=\"async\" src=\"https:\/\/sws-forsche.de\/sws\/wp-content\/uploads\/2022\/02\/1.jpg\" alt=\"\" width=\"\" height=\"0\" loading=\"lazy\"\/><\/div><div class=\"uagb-ifb-title-wrap\"><\/div><\/div><\/div><\/div>\n\n\n\n<details class=\"wp-block-details is-layout-flow wp-block-details-is-layout-flow\" style=\"font-size:25px\"><summary>Ersatzteile, Komponenten und Zubeh\u00f6r<\/summary>\n<p>Drehmaschinen &#8211; Bohrmaschinen &#8211; Fr\u00e4smaschinen &#8211; Aufbohrsysteme sowie Werkzeugsysteme<br>Zerspanungswerkzeuge &#8211; Werkzeuge f\u00fcr die allgemeine Drehbearbeitung &#8211; Spanntechnik &#8211; Messtechnik &#8211; Schleif- und Trenntechnik &#8211; Handwerkzeuge &#8211; Betriebseinrichtungen sowie Elektro- und Druckluftwerkzeuge und mehr<\/p>\n<\/details>\n<\/div>\n\n\n\n<div class=\"wp-block-uagb-container uagb-block-49e20a61\">\n<div class=\"wp-block-uagb-info-box uagb-block-a5bfbd0c uagb-infobox__content-wrap  uagb-infobox-icon-above-title uagb-infobox-image-valign-top\"><div class=\"uagb-ifb-content\"><div class=\"uagb-ifb-image-content\"><img decoding=\"async\" src=\"https:\/\/sws-forsche.de\/sws\/wp-content\/uploads\/2025\/04\/milling-1137956_1280-600x450.jpg\" alt=\"\" width=\"\" height=\"0\" loading=\"lazy\"\/><\/div><div class=\"uagb-ifb-title-wrap\"><\/div><p class=\"uagb-ifb-desc\">Eine breite Produkt- und L\u00f6sungsvielfalt f\u00fcr Industrieautomation, Maschinenbau und Fertigungstechnik \u2013 mit nachweisbarem Beitrag zu h\u00f6herer Effizienz, Pr\u00e4zision und optimierten Prozessen<\/p><div class=\"uagb-ifb-button-wrapper wp-block-button\"><a href=\"https:\/\/sws-forsche.de\/sws\/metallbearbeitung\/\" class=\"uagb-infobox-cta-link wp-block-button__link\" target=\"_blank\" rel=\"noopener noreferrer\" onclick=\"return true;\"><span class=\"uagb-inline-editing\">Mehr Infos<\/span><svg xmlns=\"https:\/\/www.w3.org\/2000\/svg\" viewBox=\"0 0 512 512\"><path d=\"M504.3 273.6l-112.1 104c-6.992 6.484-17.18 8.218-25.94 4.406c-8.758-3.812-14.42-12.45-14.42-21.1L351.9 288H32C14.33 288 .0002 273.7 .0002 255.1S14.33 224 32 224h319.9l0-72c0-9.547 5.66-18.19 14.42-22c8.754-3.809 18.95-2.075 25.94 4.41l112.1 104C514.6 247.9 514.6 264.1 504.3 273.6z\"><\/path><\/svg><\/a><\/div><\/div><\/div>\n<\/div>\n<\/div>\n<\/div>\n","protected":false},"excerpt":{"rendered":"<p>Mobile Wohnkultur neu definiert \u2013 individuell gestaltet im Interior &amp; Exterior Black Beauty &#8211; Wellness Tiny Premiumhotel unitfab Ein Raum, der Geschichten erz\u00e4hlt. Ein Design, das inspiriert. Und Komfort, der bleibt. Den Rest gestalten Sie selbst! Tiny50 \u2013 das gro\u00dfz\u00fcgigste Modell der Unitfab\u2011Hotelserie Ein durchdachtes Raumkonzept, das Eleganz und Komfort in kompaktem Format vereint ideal [&hellip;]<\/p>\n","protected":false},"author":3,"featured_media":0,"parent":0,"menu_order":1,"comment_status":"closed","ping_status":"open","template":"","meta":{"_uag_custom_page_level_css":"","site-sidebar-layout":"no-sidebar","site-content-layout":"","ast-site-content-layout":"normal-width-container","site-content-style":"boxed","site-sidebar-style":"boxed","ast-global-header-display":"","ast-banner-title-visibility":"disabled","ast-main-header-display":"","ast-hfb-above-header-display":"","ast-hfb-below-header-display":"","ast-hfb-mobile-header-display":"","site-post-title":"disabled","ast-breadcrumbs-content":"","ast-featured-img":"disabled","footer-sml-layout":"","theme-transparent-header-meta":"default","adv-header-id-meta":"9728","stick-header-meta":"default","header-above-stick-meta":"","header-main-stick-meta":"","header-below-stick-meta":"","astra-migrate-meta-layouts":"set","ast-page-background-enabled":"default","ast-page-background-meta":{"desktop":{"background-color":"var(--ast-global-color-4)","background-image":"","background-repeat":"repeat","background-position":"center center","background-size":"auto","background-attachment":"scroll","background-type":"color","background-media":"","overlay-type":"","overlay-color":"","overlay-opacity":"","overlay-gradient":""},"tablet":{"background-color":"","background-image":"","background-repeat":"repeat","background-position":"center center","background-size":"auto","background-attachment":"scroll","background-type":"","background-media":"","overlay-type":"","overlay-color":"","overlay-opacity":"","overlay-gradient":""},"mobile":{"background-color":"","background-image":"","background-repeat":"repeat","background-position":"center center","background-size":"auto","background-attachment":"scroll","background-type":"","background-media":"","overlay-type":"","overlay-color":"","overlay-opacity":"","overlay-gradient":""}},"ast-content-background-meta":{"desktop":{"background-color":"var(--ast-global-color-5)","background-image":"","background-repeat":"repeat","background-position":"center center","background-size":"auto","background-attachment":"scroll","background-type":"","background-media":"","overlay-type":"","overlay-color":"","overlay-opacity":"","overlay-gradient":""},"tablet":{"background-color":"var(--ast-global-color-5)","background-image":"","background-repeat":"repeat","background-position":"center center","background-size":"auto","background-attachment":"scroll","background-type":"color","background-media":"","overlay-type":"","overlay-color":"","overlay-opacity":"","overlay-gradient":""},"mobile":{"background-color":"var(--ast-global-color-5)","background-image":"","background-repeat":"repeat","background-position":"center center","background-size":"auto","background-attachment":"scroll","background-type":"color","background-media":"","overlay-type":"","overlay-color":"","overlay-opacity":"","overlay-gradient":""}},"ngg_post_thumbnail":0,"footnotes":""},"class_list":["post-2","page","type-page","status-publish","hentry"],"uagb_featured_image_src":{"full":false,"thumbnail":false,"medium":false,"medium_large":false,"large":false,"1536x1536":false,"2048x2048":false},"uagb_author_info":{"display_name":"SWS Forsche","author_link":"https:\/\/sws-forsche.de\/sws\/author\/sweta\/"},"uagb_comment_info":0,"uagb_excerpt":"Mobile Wohnkultur neu definiert \u2013 individuell gestaltet im Interior &amp; Exterior Black Beauty &#8211; Wellness Tiny Premiumhotel unitfab Ein Raum, der Geschichten erz\u00e4hlt. Ein Design, das inspiriert. Und Komfort, der bleibt. Den Rest gestalten Sie selbst! Tiny50 \u2013 das gro\u00dfz\u00fcgigste Modell der Unitfab\u2011Hotelserie Ein durchdachtes Raumkonzept, das Eleganz und Komfort in kompaktem Format vereint ideal&hellip;","_links":{"self":[{"href":"https:\/\/sws-forsche.de\/sws\/wp-json\/wp\/v2\/pages\/2","targetHints":{"allow":["GET"]}}],"collection":[{"href":"https:\/\/sws-forsche.de\/sws\/wp-json\/wp\/v2\/pages"}],"about":[{"href":"https:\/\/sws-forsche.de\/sws\/wp-json\/wp\/v2\/types\/page"}],"author":[{"embeddable":true,"href":"https:\/\/sws-forsche.de\/sws\/wp-json\/wp\/v2\/users\/3"}],"replies":[{"embeddable":true,"href":"https:\/\/sws-forsche.de\/sws\/wp-json\/wp\/v2\/comments?post=2"}],"version-history":[{"count":1480,"href":"https:\/\/sws-forsche.de\/sws\/wp-json\/wp\/v2\/pages\/2\/revisions"}],"predecessor-version":[{"id":15493,"href":"https:\/\/sws-forsche.de\/sws\/wp-json\/wp\/v2\/pages\/2\/revisions\/15493"}],"wp:attachment":[{"href":"https:\/\/sws-forsche.de\/sws\/wp-json\/wp\/v2\/media?parent=2"}],"curies":[{"name":"wp","href":"https:\/\/api.w.org\/{rel}","templated":true}]}}