{"id":6301,"date":"2023-01-19T18:29:55","date_gmt":"2023-01-19T17:29:55","guid":{"rendered":"https:\/\/sws-forsche.de\/sws\/?page_id=6301"},"modified":"2025-12-04T22:15:05","modified_gmt":"2025-12-04T21:15:05","slug":"kontaktformular-sws-forsche","status":"publish","type":"page","link":"https:\/\/sws-forsche.de\/sws\/kontaktformular-sws-forsche\/","title":{"rendered":"Nachricht\/Anfrage senden"},"content":{"rendered":"\n<div class=\"wp-block-cover is-light has-parallax has-custom-content-position is-position-top-center has-border-color has-ast-global-color-3-color has-text-color has-link-color has-large-font-size wp-elements-c64dd251f3f1595091caa76694b33b55\" style=\"border-color:#093476;border-width:3px\"><div class=\"wp-block-cover__image-background wp-image-9514 size-full has-parallax\" style=\"background-position:50% 50%;background-image:url(https:\/\/sws-forsche.de\/sws\/wp-content\/uploads\/2023\/10\/contact-us-communication-support-1908762.png)\"><\/div><span aria-hidden=\"true\" class=\"wp-block-cover__background has-cyan-bluish-gray-background-color has-background-dim-60 has-background-dim\"><\/span><div class=\"wp-block-cover__inner-container is-layout-constrained wp-block-cover-is-layout-constrained\">\n<div class=\"wp-block-uagb-advanced-heading uagb-block-7204a853 is-style-plain\"><h3 class=\"uagb-heading-text\"><mark style=\"background-color:rgba(0, 0, 0, 0);color:#132155\" class=\"has-inline-color\"><mark style=\"background-color:rgba(0, 0, 0, 0);color:#132155\" class=\"has-inline-color\">Herzlich willkommen, liebe Besucher!<\/mark><\/mark><\/h3><div class=\"uagb-separator\"><\/div><p class=\"uagb-desc-text\"><mark style=\"background-color:rgba(0, 0, 0, 0);color:#132155\" class=\"has-inline-color\">Wir freuen uns, Ihnen eine umfassende Auswahl unserer Handelsprodukte pr\u00e4sentieren zu d\u00fcrfen und Sie als gesch\u00e4tzten Kunden zu begr\u00fc\u00dfen<br>Nutzen Sie hier die M\u00f6glichkeit, uns Ihre erste Nachricht mit Fragen oder Kommentaren zu senden<br>Ihre Nachricht beantworten wir selbstverst\u00e4ndlich so schnell wie m\u00f6glich und freuen uns auf eine erfolgreiche Zusammenarbeit<\/mark>!<\/p><\/div>\n\n\n\n<div class=\"wp-block-uagb-container uagb-block-de620253 default uagb-is-root-container\">\n<div class=\"wp-block-uagb-info-box uagb-block-03c6dcdd uagb-infobox__content-wrap  uagb-infobox-icon-above-title uagb-infobox-image-valign-top\"><div class=\"uagb-ifb-content\"><div class=\"uagb-ifb-image-content\"><img decoding=\"async\" src=\"https:\/\/sws-forsche.de\/sws\/wp-content\/uploads\/2025\/12\/IMG_20211206_125715-300x300.jpg\" alt=\"\" width=\"\" height=\"0\" loading=\"lazy\"\/><\/div><div class=\"uagb-ifb-title-wrap\"><h3 class=\"uagb-ifb-title\">Wir laden Sie herzlich ein<\/h3><\/div><p class=\"uagb-ifb-desc\">  in unserem <strong>Unternehmensraum im Coworking Wilmersdorf, Bundesallee 187, 10717 Berlin<\/strong> \ud83d\udccd<br>nach Terminvereinbarung ein Gespr\u00e4ch oder Treffen mit uns wahrzunehmen<br>Dort beraten wir Sie individuell und besprechen gemeinsam Ihre Projekte oder Produktanfragen<\/p><div class=\"uagb-ifb-button-wrapper wp-block-button\"><a href=\"#\" class=\"uagb-infobox-cta-link wp-block-button__link\" target=\"_self\" rel=\"noopener noreferrer\" onclick=\"return false;\"><span class=\"uagb-inline-editing\">Ihr Projekt verdient Aufmerksamkeit \u2013 vereinbaren Sie jetzt Ihr pers\u00f6nliches Gespr\u00e4ch<br><br>\ud83d\udcde Telefon: +49 (0) 30 863 241 39<br><br>\ud83d\udcac WhatsApp: +49 176 648 83 333<br><br>\u2709\ufe0f E-Mail: info@sws-forsche.de<\/span><\/a><\/div><\/div><\/div>\n<\/div>\n\n\n\n<div class=\"wp-block-uagb-separator uagb-block-4adeca39 wp-block-uagb-separator--text\"><div class=\"wp-block-uagb-separator__inner\" style=\"--my-background-image:url(&quot;data:image\/svg+xml,%3Csvg width='16' height='16' viewBox='0 0 16 16' fill='none' xmlns='http:\/\/www.w3.org\/2000\/svg'%3E%3Cpath d='M6.4 0H16L9.6 16H0L6.4 0Z' fill='black'\/%3E%3C\/svg%3E&quot;)\"><div class=\"wp-block-uagb-separator-element\"><h4 class=\"uagb-html-tag\">Ihr sws forsche team aus berlin<\/h4><\/div><\/div><\/div>\n\n\n\t\t\t<div data-aos= \"fade-up\" data-aos-duration=\"400\" data-aos-delay=\"0\" data-aos-easing=\"ease\" data-aos-once=\"true\" \n\t\t\tclass=\"wp-block-uagb-google-map uagb-google-map__wrap uagb-block-19f52db7     \"\n\t\t\tstyle=\"\" >\n\t\t\t\t<embed\n\t\t\t\t\tclass=\"uagb-google-map__iframe\"\n\t\t\t\t\ttitle=\"Google Map for \"\n\t\t\t\t\tsrc=\"https:\/\/maps.google.com\/maps?q=SWS%20187%2C%2010717%20Berlin&#038;z=12&#038;hl=de&#038;t=m&#038;output=embed&#038;iwloc=near\"\n\t\t\t\t\twidth=\"640\"\n\t\t\t\t\theight=\"300\"\n\t\t\t\t\tloading=\"lazy\"\n\t\t\t\t><\/embed>\n\t\t\t<\/div>\n\t\t\t<\/div><\/div>\n\n\n<div class=\"wpforms-container wpforms-container-full wpforms-block wpforms-block-da1d1eb2-fceb-417d-ae7f-eb2bf5f8d74b\" id=\"wpforms-6291\"><form id=\"wpforms-form-6291\" class=\"wpforms-validate wpforms-form wpforms-ajax-form\" data-formid=\"6291\" method=\"post\" enctype=\"multipart\/form-data\" action=\"\/sws\/wp-json\/wp\/v2\/pages\/6301\" data-token=\"2f938f237a6f3ce5ad647c681601846a\" data-token-time=\"1777555558\"><noscript class=\"wpforms-error-noscript\">Bitte aktivieren Sie JavaScript in Ihrem Browser, um dieses Formular fertigzustellen.<\/noscript><div class=\"wpforms-field-container\"><div id=\"wpforms-6291-field_0-container\" class=\"wpforms-field wpforms-field-name\" data-field-id=\"0\"><label class=\"wpforms-field-label\">Name \/ Firmenname <span class=\"wpforms-required-label\">*<\/span><\/label><div class=\"wpforms-field-row wpforms-field-medium\"><div class=\"wpforms-field-row-block wpforms-first wpforms-one-half\"><input type=\"text\" id=\"wpforms-6291-field_0\" class=\"wpforms-field-name-first wpforms-field-required\" name=\"wpforms[fields][0][first]\" required><label for=\"wpforms-6291-field_0\" class=\"wpforms-field-sublabel after\">Vorname<\/label><\/div><div class=\"wpforms-field-row-block wpforms-one-half\"><input type=\"text\" id=\"wpforms-6291-field_0-last\" class=\"wpforms-field-name-last wpforms-field-required\" name=\"wpforms[fields][0][last]\" required><label for=\"wpforms-6291-field_0-last\" class=\"wpforms-field-sublabel after\">Nachname<\/label><\/div><\/div><\/div><div id=\"wpforms-6291-field_1-container\" class=\"wpforms-field wpforms-field-email\" data-field-id=\"1\"><label class=\"wpforms-field-label\" for=\"wpforms-6291-field_1\">E-Mail <span class=\"wpforms-required-label\">*<\/span><\/label><input type=\"email\" id=\"wpforms-6291-field_1\" class=\"wpforms-field-medium wpforms-field-required\" name=\"wpforms[fields][1]\" spellcheck=\"false\" required><\/div><div id=\"wpforms-6291-field_2-container\" class=\"wpforms-field wpforms-field-textarea\" data-field-id=\"2\"><label class=\"wpforms-field-label\" for=\"wpforms-6291-field_2\">Nachricht \/ Message <\/label><textarea id=\"wpforms-6291-field_2\" class=\"wpforms-field-medium\" name=\"wpforms[fields][2]\" ><\/textarea><\/div><div id=\"wpforms-6291-field_3-container\" class=\"wpforms-field wpforms-field-phone\" data-field-id=\"3\"><label class=\"wpforms-field-label\" for=\"wpforms-6291-field_3\">Telefon \/ Phone<\/label><input type=\"tel\" id=\"wpforms-6291-field_3\" class=\"wpforms-field-medium wpforms-smart-phone-field\" data-rule-smart-phone-field=\"true\" name=\"wpforms[fields][3]\" aria-label=\"Telefon \/ Phone\" ><\/div><div id=\"wpforms-6291-field_4-container\" class=\"wpforms-field wpforms-field-date-time\" data-field-id=\"4\"><label class=\"wpforms-field-label\">Date \/ Time<\/label><div class=\"wpforms-field-row wpforms-field-medium\"><div class=\"wpforms-field-row-block wpforms-date-type-datepicker\"><div class=\"wpforms-datepicker-wrap\"><input type=\"text\" id=\"wpforms-6291-field_4\" class=\"wpforms-field-date-time-date wpforms-datepicker\" data-date-format=\"m\/d\/Y\" data-disable-past-dates=\"0\" data-input=\"true\" name=\"wpforms[fields][4][date]\" ><a title=\"Clear Date\" data-clear role=\"button\" tabindex=\"0\" class=\"wpforms-datepicker-clear\" aria-label=\"Clear Date\" style=\"display:none;\"><\/a><\/div><label for=\"wpforms-6291-field_4\" class=\"wpforms-field-sublabel after\">Date<\/label><\/div><div class=\"wpforms-field-row-block\"><input type=\"text\" id=\"wpforms-6291-field_4-time\" class=\"wpforms-field-date-time-time wpforms-timepicker\" data-time-format=\"g:i A\" data-step=\"30\" data-rule-time12h=\"true\" name=\"wpforms[fields][4][time]\" ><label for=\"wpforms-6291-field_4-time\" class=\"wpforms-field-sublabel after\">Time<\/label><\/div><\/div><\/div><\/div><!-- .wpforms-field-container --><div class=\"wpforms-submit-container\" ><input type=\"hidden\" name=\"wpforms[id]\" value=\"6291\"><input type=\"hidden\" name=\"page_title\" value=\"\"><input type=\"hidden\" name=\"page_url\" value=\"https:\/\/sws-forsche.de\/sws\/wp-json\/wp\/v2\/pages\/6301\"><input type=\"hidden\" name=\"url_referer\" value=\"\"><button type=\"submit\" name=\"wpforms[submit]\" id=\"wpforms-submit-6291\" class=\"wpforms-submit\" data-alt-text=\"Senden\u2026\" data-submit-text=\"Absenden \/ Send off\" aria-live=\"assertive\" value=\"wpforms-submit\">Absenden \/ Send off<\/button><img loading=\"lazy\" decoding=\"async\" src=\"https:\/\/sws-forsche.de\/sws\/wp-content\/plugins\/wpforms\/assets\/images\/submit-spin.svg\" class=\"wpforms-submit-spinner\" style=\"display: none;\" width=\"26\" height=\"26\" alt=\"Wird geladen\"><\/div><\/form><\/div>  <!-- .wpforms-container -->","protected":false},"excerpt":{"rendered":"","protected":false},"author":3,"featured_media":0,"parent":0,"menu_order":0,"comment_status":"closed","ping_status":"closed","template":"","meta":{"_uag_custom_page_level_css":"","site-sidebar-layout":"no-sidebar","site-content-layout":"plain-container","ast-site-content-layout":"normal-width-container","site-content-style":"unboxed","site-sidebar-style":"unboxed","ast-global-header-display":"","ast-banner-title-visibility":"","ast-main-header-display":"","ast-hfb-above-header-display":"","ast-hfb-below-header-display":"","ast-hfb-mobile-header-display":"","site-post-title":"disabled","ast-breadcrumbs-content":"","ast-featured-img":"","footer-sml-layout":"","theme-transparent-header-meta":"","adv-header-id-meta":"","stick-header-meta":"","header-above-stick-meta":"","header-main-stick-meta":"","header-below-stick-meta":"","astra-migrate-meta-layouts":"set","ast-page-background-enabled":"default","ast-page-background-meta":{"desktop":{"background-color":"var(--ast-global-color-4)","background-image":"","background-repeat":"repeat","background-position":"center center","background-size":"auto","background-attachment":"scroll","background-type":"","background-media":"","overlay-type":"","overlay-color":"","overlay-opacity":"","overlay-gradient":""},"tablet":{"background-color":"","background-image":"","background-repeat":"repeat","background-position":"center center","background-size":"auto","background-attachment":"scroll","background-type":"","background-media":"","overlay-type":"","overlay-color":"","overlay-opacity":"","overlay-gradient":""},"mobile":{"background-color":"","background-image":"","background-repeat":"repeat","background-position":"center center","background-size":"auto","background-attachment":"scroll","background-type":"","background-media":"","overlay-type":"","overlay-color":"","overlay-opacity":"","overlay-gradient":""}},"ast-content-background-meta":{"desktop":{"background-color":"var(--ast-global-color-5)","background-image":"","background-repeat":"repeat","background-position":"center center","background-size":"auto","background-attachment":"scroll","background-type":"","background-media":"","overlay-type":"","overlay-color":"","overlay-opacity":"","overlay-gradient":""},"tablet":{"background-color":"var(--ast-global-color-5)","background-image":"","background-repeat":"repeat","background-position":"center center","background-size":"auto","background-attachment":"scroll","background-type":"","background-media":"","overlay-type":"","overlay-color":"","overlay-opacity":"","overlay-gradient":""},"mobile":{"background-color":"var(--ast-global-color-5)","background-image":"","background-repeat":"repeat","background-position":"center center","background-size":"auto","background-attachment":"scroll","background-type":"","background-media":"","overlay-type":"","overlay-color":"","overlay-opacity":"","overlay-gradient":""}},"ngg_post_thumbnail":0,"footnotes":""},"class_list":["post-6301","page","type-page","status-publish","hentry"],"uagb_featured_image_src":{"full":false,"thumbnail":false,"medium":false,"medium_large":false,"large":false,"1536x1536":false,"2048x2048":false},"uagb_author_info":{"display_name":"SWS Forsche","author_link":"https:\/\/sws-forsche.de\/sws\/author\/sweta\/"},"uagb_comment_info":0,"uagb_excerpt":null,"_links":{"self":[{"href":"https:\/\/sws-forsche.de\/sws\/wp-json\/wp\/v2\/pages\/6301","targetHints":{"allow":["GET"]}}],"collection":[{"href":"https:\/\/sws-forsche.de\/sws\/wp-json\/wp\/v2\/pages"}],"about":[{"href":"https:\/\/sws-forsche.de\/sws\/wp-json\/wp\/v2\/types\/page"}],"author":[{"embeddable":true,"href":"https:\/\/sws-forsche.de\/sws\/wp-json\/wp\/v2\/users\/3"}],"replies":[{"embeddable":true,"href":"https:\/\/sws-forsche.de\/sws\/wp-json\/wp\/v2\/comments?post=6301"}],"version-history":[{"count":52,"href":"https:\/\/sws-forsche.de\/sws\/wp-json\/wp\/v2\/pages\/6301\/revisions"}],"predecessor-version":[{"id":15058,"href":"https:\/\/sws-forsche.de\/sws\/wp-json\/wp\/v2\/pages\/6301\/revisions\/15058"}],"wp:attachment":[{"href":"https:\/\/sws-forsche.de\/sws\/wp-json\/wp\/v2\/media?parent=6301"}],"curies":[{"name":"wp","href":"https:\/\/api.w.org\/{rel}","templated":true}]}}